 + 11.
54
What is the value of -9469 - -9346 - (0 - 84)?
-39
What is -56 + 45 + -10 + 36?
15
Calculate -26 + 45 + 28 - (30 + -5).
22
29 - (-36 + (10 - 6) + 9 - -9)
43
What is the value of 58 - 151 - (-75 - 31)?
13
What is 50 + 77 - (-132 - -117)?
142
What is 1 + -20 + -574 + 603 + 0 + 68?
78
What is the value of -39 + 1 + (59 - (134 + -47))?
-66
What is the value of -2 - (0 - -49 - 10) - -5?
-36
Calculate (79 - 70) + (1 - -7 - -63) + (0 - 7).
73
Calculate -30 + (-18 + 15 - -13 - (24 + -9)).
-35
-4 + (26 - (3 + 8)) + -6 + -71
-66
-109 + 70 + (35 - 38)
-42
Calculate 501 - 532 - (-3 + 0 + 1 + -13).
-16
Evaluate -21 + (8 - 0) + (-5 - -42 - 18).
6
What is -3 + -7 + 15 + -5 + -19?
-19
What is 3 - -1 - (-57 + 60 + 44 - 17)?
-26
What is -6 + (49 + 0 - (40 + -24 + -15))?
42
What is the value of -15 - -19 - (-113 - -68)?
49
77 + -123 - (0 + (-9 - -12) - -1)
-50
23 + -7 - 1 - (-14 + -38)
67
(-22 - (-31 - -39)) + -10 + 12
-28
What is the value of (-2071 - -2106 - (14 + 0)) + -26?
-5
Calculate 65 + (89 - (64 - -1)).
89
Calculate 6 - (-24 - (-56 + 44)).
18
Calculate 1 + -22 + (5 + 19 - 7).
-4
What is 69 - (22 + 13 - 58)?
92
Evaluate 14 - (-15 - (21 + -14) - 10).
46
Evaluate (-16 - 0) + (19 - 32 - -18) - -45.
34
What is (85 - 69) + 3 + -13 + -36?
-30
What is the value of (-1473 + 1455 - (1 - (13 + 0 - 1))) + 111?
104
What is (-28 - (-38 + 13)) + 41?
38
0 - 17 - (-6125 + 6105)
3
Calculate 1 + -1 + (-7 - (-6 + 1)) + (-235 - -199).
-38
(75 + 4 - -33) + -84
28
Evaluate -283 + 219 - (8 + -104).
32
Calculate 2 + 50 + -15 - -14 - (9 + 0).
42
Evaluate 8 + 2 + (12 - (-9 + 5)).
26
Evaluate -6 + 1 + -26 - -40.
9
21 + -27 + 11 - -8
13
Calculate 16 + -62 - 23 - -56.
-13
Evaluate ((-3 - (-16 + 19)) + 21 - -33) + -8.
40
What is 11 + -23 + -12 + -51 + -7 + -14?
-96
Evaluate 21 + 7 + 5 + -19 + 1.
15
Calculate -19066 - -19181 - (1 + -17).
131
What is the value of -11 + (20 - 24) - (-1 + -26 + -2)?
14
What is the value of (65 - (39 - -52)) + 63?
37
Calculate (69 - 1 - (-552 - -581)) + 32.
71
-53 - (-648 - -652 - (0 + (15 - 1)))
-43
-12 + (-61 + 58 - (6 - 9 - 5))
-7
(437 - 99) + -125 - 114
99
Evaluate 4 - -1 - ((-1 - -4) + (23 - 53 - -8)).
24
What is (8 - 34) + 353 + -398?
-71
Calculate -13 + -4 + 78 + -125.
-64
What is (29 + -101 - -20) + 19?
-33
(10 - (16 + 25)) + 16
-15
13 - -20 - (-83 + 142)
-26
Evaluate (6236 - 6202) + (0 - 42).
-8
What is the value of -6 - (-3 - (-23 + 10 - 18))?
-34
-36 + -46 + 47 + -16
-51
Evaluate (5 - 33) + (-6 + 1 - 0 - 1).
-34
Evaluate 218 + -404 + 167 - (-1 + -60).
42
What is (-1 + (-2 - -4) - 10) + (-86 - 288) + 273?
-110
What is -202 + 130 - (2 + -17)?
-57
((17 - 3) + -8 - 131) + -144 + 133
-136
Calculate 4471 - 4557 - (1 + -1 - 1).
-85
Calculate -28 - ((-1 - -7) + -20 + 18) - (-153 + 155).
-34
11 + -4 + 0 + 6 + 24 + -50
-13
3 + (2 + 15 - 1) + 792 + -797
14
5 + (-3 - ((15 - 7) + -26 + 4))
16
1 + 5 + 1 - -3 - (-418 + 389)
39
Evaluate -33 - (-3 + -19 + 17 + -13).
-15
Calculate -1 + 12 + 15 + 12 + -6 + -10.
22
What is the value of 54 + (-40 - -20) + -32 + -1 + -20?
-19
-8 + (-26 + 2 - -21) + 81
70
What is -8 - 6 - ((0 + -5 - 0) + 658 + -586)?
-81
17 - 3 - (-22 - (-44 - -25) - 31)
48
Calculate 101 - (-127 - -265) - (2 + -15).
-24
103 + (-118 - -108) - (-10 + -1)
104
What is the value of 38 + (27 - 53) + 0 + (-61 - -5)?
-44
Evaluate (-22 - (2 + 0)) + (22976 - 22963).
-11
Evaluate -10 - ((-30 - (53 - 103)) + 1 + -121).
90
(8 - (25 - 50)) + (1 - -4) + -2
36
Calculate -82 + (86 - 43) + -32 + -13 + -1.
-85
Evaluate (4 - 6 - -11) + 2 + 15 + 3 + -9.
20
Calculate -50 + 33 + -17 + (11 - 17).
-40
What is the value of -14 + 20 + -4 - -18 - 60?
-40
What is the value of (18 + (-35 - -16) - (-5 - -8)) + 50?
46
What is 91 - 81 - (0 + 4 + -17 + 4)?
19
What is the value of -49 + 24 + 69 - 7?
37
Evaluate 12 + (-61 - -40) - (-5 - (-1 + -1) - 3).
-3
89 - 0 - (10736 + -10691)
44
What is (7 - -6) + 11 + (12 - 5) + -9?
22
What is 63 - (-46 - -82) - 96?
-69
-4 - (-5 + (-1 + 0 - (-54 + 47)))
-5
What is the value of -20 + 26 + -3 + (34 - -8)?
45
What is (-289 - -197 - -62) + 123 + 1?
94
Evaluate (-90 - -101) + -62 - -28.
-23
Calculate -44 - (4 - 15 - 9).
-24
-2253 - -2250 - (1 - 0 - 20)
16
Evaluate -19 - (-20 + (18 - (6 + -8)) - -13).
-32
Calculate 21 + -62 + 63 - 53.
-31
What is (0 - ((-7 - 2 - -18) + -9)) + (-65 - -10)?
-55
-10 - (-2 + (-1 + -11 - (3 - 4)))
3
Calculate (-9 - 34) + (95 - 88).
-36
Evaluate -29 + 50 - (123 + 10 + 6) - -2.
-116
What is the value of -12 + -4 + (24 + 63 - 22)?
49
What is 0 - 12 - (-20 + (37 - 17) - 25) - 68?
-55
What is (-148 - -164) + (-24 - -2) + 3 + 46?
43
What is 2 + (3 - -6 - 1) + -45 + 174 + 4?
143
(-56 - -3) + 2555 + -2553
-51
(406 - 446) + 23 + 1 + 96
80
Calculate -8 - -2 - 0 - (41 + -64 + -12).
29
Calculate -25 + (-1 - -47) + (-1 - -1 - -11).
32
What is the value of -28 - 0 - (43 + -36 - (-15 - -2))?
-48
Calculate 135 - 113 - (-3 + -48 + 12).
61
What is the value of -28 + 3 - 3 - (-3457 - -3520)?
-91
What is the value of -103 - -159 - (-3 - 0)?
59
What is the value of 50 + 1 - (13 + (9 - (-5 + 14)) + -14)?
52
Calculate 2 + -2 - (3 - (2 - 1) - (690 - 784)).
-96
Calculate -1 + -45 - (-17 - (-22 + (1 - 8 - -16))).
-42
Evaluate -1477 + 1456 + (-46 - -1).
-66
Calculate -1 + 119 - (-8685 + 8694).
109
(23 - 61) + 37 - (46 - -2) - -9
-40
What is the value of 19 - (-6 + 7) - (-108 - -84)?
42
What is the value of 38 + -30 + 23 + (0 - 11) + 0?
20
Evaluate (261 - 230) + -14 + 6.
23
What is the value of 0 - 10 - (-66 + 209 + -144)?
-9
Evaluate 1802 + -1739 - (33 + 0).
30
What is the value of -98 + (128 + -50 - 41)?
-61
Calculate -57 - (66 + (-148 - -99)).
-74
Calculate (8 - 1 - 8 - (10 - -2)) + (12 - 0).
-1
Calculate -62 - (-1 - -2) - (-104 - (108 - 205)).
-56
What is 16 + 0 - 1 - (26 + (-131 - -76))?
44
What is the value of (65 - -25) + (-137 - -58)?
11
9 - 0 - 1 - (-4267 + 4252)
23
Calculate 40 - (-5 + (-6 - (-21 - (0 + -8)))).
38
Evaluate -1 + -6 - ((-286 - -214) + 77).
-12
What is 13 + -49 + (-1 + 3 + 3 - -1)?
-30
Evaluate 57 - (-127 - -118 - (-19 + -1)).
46
What is (-25 - -31) + (-3 - (8 - -24))?
-29
What is the value of -74 - (7 + -18 + -5) - (-12 - (3 - 2))?
-45
15 + (-22 - -8 - -15) + (-19 - -30)
27
What is -3809 - -3861 - (63 + 1)?
-12
Evaluate -9 + (56 - (-22 + 30 + 16)).
23
2 - 7 - (-7 + 3 + -28 - -48)
-21
What is -142 + -55 + 47 - -85?
-65
What is 3 - 6 - (-7 + (0 - -98) - 3)?
-91
Evaluate 4 + 7 + -33 + (16 - (25 + -15)).
-16
Evaluate (11 + -56 + 39 - 70) + 20.
-56
-11 + 0 - (-6 + -3 - -8 - (-2 + -15))
-27
4 + (-27 - (-8 + -2 + 13 + -7))
-19
Evaluate 0 + (-5 - -32 - ((-22 - -27) + (0 - 17))).
39
Calculate -50 + 5 + 20 - 18.
-43
Evaluate 21 - ((-40 - -59) + -5 - (-9 + -2)).
-4
What is -740 + 660 - (-47 - -1)?
-34
Calculate 2 + -1 - ((3 - (-3 + -16 + 1)) + -10).
-10
Calculate -46 - 0 - (59 + (191 - 247)).
-49
What is the value of (-6 - 15) + 9 + 14 + -30 + 19?
-9
(1 - 42) + -32 + (32 - (-43 + 58))
-56
What is the value of (-1 - -14) + (-33 - -21) + -19 + (-7 - -5)?
-20
Calculate 87 + (-139 - -33) + 147.
128
Evaluate 45 + 18 + -17 + -23.
23
12 + (39 - (9 + -9 - (-2 + -6)))
43
What is (-1 - -32) + -1 - (11298 + -11283)?
15
Evaluate -1 + 1 - 18 - (-28 + 30).
-20
What is the value of -25 + (-3 - 96) + (66 - 65 - 1)?
-124
What is 1 + (-143 - -31) + (1 - -14)?
-96
33 + (51 + -88 + 65 - 74)
-13
Calculate 8 - (-7 - (-49 + 4 + 32)).
2
What is the value of 1 + (-32 - -4) + 4 + 24 + (-33 - -1)?
-31
What is (2 - (19 - 14) - -5) + (16 - -3)?
21
Calculate 67 - (-3 - (-65 - 71)).
-66
What is the value of (-20 - (14 + -8) - 12) + (9 + -6 - -7)?
-28
Calculate -2 + 1 - (57 + (-182 - -114)).
10
What is the value of (-3979 - -4040) + -32 + 1?
30
Calculate 62 - (41 - (8 + -13)).
16
-3 - -66 - ((50 - 22) + -24 + 7)
52
Calculate -2 + 2 + 13 + (-1 - (62 - 61)) - -5.
16
What is the value of (-17656 - -17581) + (-1 - 44)?
-120
Calculate -136 + 121 + -4 + (5 + -4 - 3).
-21
Calculate 3 + 97 + (-1669 - -1550).
-19
Calculate (55 - -16) + -67 + -22.
-18
Calculate (2 - 2) + (-41 + 99 - (-6 - -14)).
50
12 - 11 - -57 - (12 + 4)
42
Evaluate (-13 - 62) + 44 - -3.
-28
Calculate 2 - (16 + -25) - ((-4 - -3) + -6).
18
What is (-20 - (-21 - 10 - -18)) + 47 + -7 + 3?
36
What is -14 - (-15 - (9 - (10 + 3))) - -27?
24
What is -20 + 29 + -9 - (2 - 25)?
23
What is (44 - 12) + -7 +